63*z. Suppose -5*t - 2430 = -3*k - z*t, -k + t + 810 = 0. What is the hundreds digit of k?
8
Suppose 0 = -14*u + 10*u - 5*a - 5, -3*a = 3*u. Suppose -3*m + 5*x - 717 = -5*m, -u*m + 4*x + 1743 = 0. What is the hundreds digit of m?
3
What is the tens digit of -1124*2872/(-352) - (-4)/22?
7
Let u(d) = -d**2 + 29*d - 12. Suppose 2 = -p + 2*p + 3*n, 4*p + 2*n - 48 = 0. What is the hundreds digit of u(p)?
1
Let h = 112 - 108. Suppose 1764 = 5*w + 4*a - 6*a, h*a - 1400 = -4*w. What is the tens digit of w?
5
Let v(a) = 26*a**3 + 1097*a**2 - 85*a + 101. What is the ten thousands digit of v(-42)?
1
Let h = 2380 - 1848. What is the units digit of h?
2
Suppose 3*v - 16 + 4 = 0. Let i be 76/12 - v - 2/6. What is the tens digit of 103 - (i/11 - (-350)/(-110))?
0
Suppose 23*w = -17*w - 8480. Let f = w + 1397. What is the tens digit of f?
8
Suppose 5*m - 147 = -2*m. Let l = m + -25. Let f(d) = 3*d**2 + 5*d - 5. What is the units digit of f(l)?
3
Suppose 9*u - 309360 = -9*u + 8*u. What is the units digit of u?
6
What is the thousands digit of ((-263040)/(-700)*7)/(6/75 - 0)?
2
Suppose 2*a + 2*q - 32920 = -2*a, 2*a = q + 16460. Let h be (-3)/(((-15)/a)/1). Suppose -9*r + 118 + h = 0. What is the hundreds digit of r?
1
Suppose -10750015 = -226*f - 1637017. What is the ten thousands digit of f?
4
Let p = 3 + -3. Let a(g) = 61*g**2 + 9*g + 11. Let h be a(-1). Suppose p = -3*m + 4*x - x + h, 2*x = -5*m + 133. What is the tens digit of m?
2
Let s be 8 - (3 + -6 - -3). Let o(t) = -t**3 - 39*t**2 - 79*t - 70. Let a be o(-37). Let r = a - s. What is the tens digit of r?
0
Let h = -39 + 110. What is the tens digit of (h + 8)/(1/6)?
7
Let s = -145 + 215. What is the tens digit of s?
7
Let t be 2/(45/6 + -7). Suppose 0 = -2*x - 0 - t, -2*d + 136 = -x. What is the units digit of d?
7
Suppose 3*z - 98 = -4*z. Let x be ((-68)/(-2))/(4/z). Let v = 195 - x. What is the tens digit of v?
7
Suppose m = -2*m + s + 17, -2*m = s - 3. Suppose 5*i - 647 = 3*u - 4*u, 2*i + m*u - 266 = 0. Suppose i = 5*c - 106. What is the tens digit of c?
4
Let h = 152 - 239. Let n = 161 + h. Suppose -i = -n - 12. What is the units digit of i?
6
Let k = -12 + 67. Suppose -25*b = -k*b + 28140. What is the hundreds digit of b?
9
Let f = 1784 - 988. Suppose 19*a + f - 10714 = 0. What is the units digit of a?
2
Let c = 20096 - -20642. What is the hundreds digit of c?
7
Let b(m) = -m + 36. Let n(l) = 2*l - 71. Let w(i) = -13*b(i) - 6*n(i). Let z be w(0). What is the tens digit of 1/(-1) - (-10 + z)?
5
Suppose -10*u - 4*u + 29092 = 0. Suppose -6*n + 766 = -u. What is the hundreds digit of n?
4
Suppose -8*n - 124621 = -439245. What is the thousands digit of n?
9
Let f = 2442 + -770. What is the units digit of f?
2
Let x be (((-896)/12)/(-8))/((-4)/(-6)). What is the tens digit of (-32)/4 + (102 - x)?
8
Suppose -48*p - 4*r = -49*p + 2552, 0 = 3*r + 12. What is the thousands digit of p?
2
Let d = 171 - 171. Let z(t) be the second derivative of -t**5/20 + t**4/12 + 31*t**2/2 + t. What is the tens digit of z(d)?
3
Let m(c) = -169 - 14*c - 169 - 9*c + 22. What is the tens digit of m(-49)?
1
What is the thousands digit of ((-5198)/(-34) + 20/170)*34/3?
1
Let h(y) = 161*y**2 - 105*y**2 + 2*y + 3 + 197*y**2. Let w be h(-1). Suppose -5*n = 4*a - 635, 4*n - 2*n + 3*a - w = 0. What is the hundreds digit of n?
1
Let l(y) = 5*y**2 + 12*y - 26. Let w be l(18). Let r = w + -1054. What is the units digit of r?
6
Let j(a) = -2831 - 22*a - 2835 + 5606. Suppose 5*w + 0*w + 80 = 0. What is the units digit of j(w)?
2
Let n(x) = 8*x + 186. Let w be n(-22). Let c(v) = 34*v + 45. What is the hundreds digit of c(w)?
3
Suppose 4*n + 5*p = -n + 7800, 1580 = n + 5*p. Suppose -11*v + 2163 = -n. Suppose 0 = -8*g + 1090 - v. What is the tens digit of g?
9
Let z(r) = -r**3 + 3*r**2 - 2*r + 1. Let k be z(4). Let y be (-3)/(15/(-2)) + k/(-5). Suppose l - 5 = a + 8, -2*l = -y*a - 20. What is the tens digit of l?
1
Let l = 473 - 380. Suppose -100*n + l*n = -4256. What is the hundreds digit of n?
6
Suppose -6*y + 10196 = 2618. Suppose 5*s - 251 = -j + 4*s, 5*j + 3*s = y. What is the units digit of j?
5
Let p(d) = -30*d**3 + 16*d**2 - 15*d + 6. What is the hundreds digit of p(-7)?
1
Let r be (4 - 4)/(0 + 2). Suppose r = m + 16*b - 14*b - 749, 4*m = 4*b + 3056. What is the units digit of m?
9
Let t = -15414 - -40334. What is the hundreds digit of t?
9
Let r(j) = 3 - 89*j - 45*j + 86*j - 18*j. What is the tens digit of r(-10)?
6
Let b be -1 - (20/70 + 237/(-21)). Let z = 415 + b. What is the units digit of z?
5
Let g be (9/(-12) + 2)*4. Suppose 0 = -b + 4*b - 663. Suppose -2*s + y = -145, -3*s = g*y - 3*y - b. What is the units digit of s?
3
Let m(w) = w**3 - 2*w**2 - w + 2. Let a be m(2). Suppose a = -19*f + 17*f + 8. What is the units digit of 3 + f + -6 - -70?
1
Suppose -37*y - 8851 = -z - 34*y, -8893 = -z - 3*y. What is the units digit of z?
2
What is the tens digit of 28621 + (-15 - -4) + -4?
0
Suppose 45*y = -48*y + 958236 + 341811. What is the ten thousands digit of y?
1
Let f be (-25)/3*(-12)/10. Let v(j) = -j**3 + 10*j**2 + j + 1. Let y be v(f). What is the tens digit of 68/10*(y + -6)?
3
Let s be 1 + -2 - (-20)/(2 + 0). Suppose 23 = 5*m - w, -2*m + 2*w - s = -3*m. Suppose 3*v = m*h - 844, -166 = -h - 0*h + 2*v. What is the hundreds digit of h?
1
Let o(x) = 629*x**2 - 10*x + 10. Let b be o(2). Let f = 3741 - b. What is the units digit of f?
5
Let r be 22/(-99) - 626/18. Suppose 0 = -5*v + 303 - 3. What is the units digit of 3/(12/(-182))*v/r?
8
Suppose -4*t + 5*m + 21476 + 82773 = 0, -5*m + 35 = 0. What is the units digit of t?
1
Let m(f) = -3*f**3 - 22*f + 0*f**3 + 25 + 2*f**3 - 19*f**2. Let r be m(-18). Let s = r - 33. What is the tens digit of s?
6
Suppose -j = -2*y - 4*j + 846, -5*j + 2110 = 5*y. Let g be 1800/y + -2*2/14. What is the tens digit of -4 - ((1200/g)/(-2) + -4)?
5
Suppose -2*a + 3*w + 11492 = 709, 21571 = 4*a - w. What is the tens digit of a?
9
Let v = -139 - -142. Suppose 0 = 2*o - 3*y - 1259, -23*o + 18*o = v*y - 3095. What is the tens digit of o?
2
What is the units digit of ((-24)/(-16) + 1)/((-105)/(-120204))?
2
Suppose 0 = 795*a - 849*a + 554310. What is the units digit of a?
5
Let m(p) = -p**2 - 1 + 10*p + 2*p + 25. Let u be (-12 - (-48)/2)*6/8. What is the tens digit of m(u)?
5
Let x be 37240/(-76)*(-1 + 6/4). What is the tens digit of (-502810)/x - 1/((-14)/(-4))?
5
Let s(o) = -486*o + 363. What is the thousands digit of s(-15)?
7
Let m = -35 - -43. Suppose -5*o = -a - 20, 2 = -2*a + 4*o - m. Suppose 0 = -a*n + 3*x + 575, 10*n = 7*n - 2*x + 326. What is the tens digit of n?
1
Suppose 3*q + 3*v = 3, -3*v - 1 = -4*q - 8*v. Suppose -2*k - 4*h = -k + 2, -q*k - 5*h = -3. Suppose k*r - 97 = -5. What is the tens digit of r?
4
Let c(m) be the third derivative of 81*m**5/20 - 11*m**4/24 - m**3/2 - 90*m**2. What is the units digit of c(2)?
7
What is the units digit of 157386/10 - 468/(-195)?
1
What is the hundreds digit of 3/(-8) - (-577170)/176?
2
Let k(w) = 2*w**3 - 3*w**2 - 4*w + 5425. What is the hundreds digit of k(0)?
4
Let a(n) = n**3 - 2*n**2 + 2*n + 5. Let o be a(0). Suppose -2*m - 2730 = -o*q, 5*q - 3*m + 15 - 2745 = 0. What is the hundreds digit of q?
5
Suppose 0 = -23*m + 19*m + 20. Suppose 707 = m*g - 318. Suppose d = -4*s + 63, -3*d + s = -3*s - g. What is the tens digit of d?
6
Let g be (4 - 2 - 3)/(-2 + 1). What is the units digit of 6 + g + (-2)/(-1)?
9
Let m = -10296 + 21825. What is the thousands digit of m?
1
Let d be ((-2)/(-6))/((-2)/(-90)*5). Suppose -t = 3*t - 2*o - 1318, d*o = -9. What is the units digit of t?
8
Let m(a) = -593*a - 108. Let t be m(3). Let o = 2642 + t. What is the units digit of o?
5
Let b = 8 + -6. Let p be ((0 - 2) + -4)/(b + -3). What is the tens digit of 1*(-2)/p - 380/(-6)?
6
Suppose 0 = -15*l + 6*l. Suppose 5*q + 4*k - 20 = l, -2*q + k + 4*k = -8. Suppose 4*y + 3*h - 361 = 0, 355 = -0*y + q*y + h. What is the tens digit of y?
8
Suppose -994 - 257 = -9*q. Suppose -w = -1787 + q. What is the units digit of w?
8
Let o be (8/14)/((-2)/(-7)). Suppose 2*d + d + 3 = 0, o*l + d - 431 = 0. What is the units digit of l?
6
What is the hundreds digit of (-96824)/(7 - 20) - 9?
4
Let x(o) = -4*o - 39. Let v be x(-8). Let s(d) = 8*d**2 + 8*d + 6. What is the units digit of s(v)?
2
Let o